er?
False
Is 77757217 prime?
False
Is 112741 a composite number?
False
Is 75810017 composite?
False
Is 370318399 a prime number?
False
Is 246899 a prime number?
True
Is 1743281 composite?
True
Is 4806233 a composite number?
False
Is 6783269 a prime number?
False
Is 46672991 a prime number?
False
Is 2059589 a composite number?
True
Is 2149019 prime?
False
Is 5438881 prime?
False
Is 29943223 prime?
True
Is 14017 a prime number?
False
Is 618073 prime?
False
Is 283051 prime?
True
Is 325265 composite?
True
Is 16633181 composite?
False
Is 44803171 prime?
False
Is 227842553 a composite number?
True
Is 13865351 prime?
True
Is 6319387 a prime number?
True
Is 7664159 a prime number?
False
Is 61059389 prime?
False
Is 12986333 composite?
False
Is 44493401 prime?
False
Is 389195 a composite number?
True
Is 424321 composite?
True
Is 5066287 a composite number?
False
Is 868697057 a composite number?
False
Is 4598747 composite?
True
Is 25048189 a prime number?
False
Is 43019747 composite?
True
Is 62106097 a prime number?
False
Is 93574703 a prime number?
True
Is 65283541 a composite number?
False
Is 27342697 composite?
False
Is 107129965 composite?
True
Is 88079807 a composite number?
False
Is 1358689 a prime number?
True
Is 117046463 a prime number?
False
Is 39128191 composite?
False
Is 79877481 a prime number?
False
Is 66640043 a composite number?
False
Is 5864351 prime?
False
Is 629625751 prime?
False
Is 6862711 prime?
True
Is 12354613 a prime number?
True
Is 59561573 a prime number?
True
Is 174180053 prime?
False
Is 472313 prime?
False
Is 10034911 composite?
False
Is 10292717 a prime number?
True
Is 8492281 a prime number?
False
Is 2669531 a composite number?
True
Is 3221135 composite?
True
Is 229322413 composite?
True
Is 559105 a composite number?
True
Is 28227611 prime?
False
Is 4740661 prime?
False
Is 146138659 a prime number?
False
Is 435259 prime?
False
Is 828234413 a composite number?
False
Is 8784101 prime?
True
Is 31247 a composite number?
False
Is 11411 composite?
False
Is 29452237 composite?
False
Is 521957 prime?
False
Is 368780543 a composite number?
False
Is 9052139 a composite number?
False
Is 29663 a prime number?
True
Is 2337359 a composite number?
False
Is 50915867 prime?
False
Is 272360981 prime?
True
Is 102931373 a prime number?
False
Is 14566859 a composite number?
True
Is 3269737 composite?
True
Is 1329697 a composite number?
True
Is 13839611 a prime number?
False
Is 2166283 a composite number?
True
Is 303341027 composite?
True
Is 9327586 a composite number?
True
Is 614599729 a composite number?
True
Is 21839007 a prime number?
False
Is 28557227 a composite number?
False
Is 56035817 a prime number?
False
Is 41464069 composite?
False
Is 663940203 composite?
True
Is 29893967 a composite number?
False
Is 51334783 prime?
True
Is 50098349 a composite number?
True
Is 554090261 a composite number?
False
Is 10994831 a composite number?
False
Is 23729411 a composite number?
False
Is 5399929 composite?
False
Is 3133839 prime?
False
Is 34724069 a composite number?
False
Is 63460063 a prime number?
True
Is 105808951 prime?
True
Is 57306127 prime?
True
Is 33855742 prime?
False
Is 14490391 composite?
True
Is 362540177 a prime number?
False
Is 20509637 a prime number?
True
Is 84629 a composite number?
False
Is 2344751 composite?
False
Is 5534255 a prime number?
False
Is 37059213 a composite number?
True
Is 79661291 prime?
True
Is 158384669 a prime number?
False
Is 113387779 prime?
True
Is 70701889 composite?
False
Is 29219659 a composite number?
True
Is 656501 a composite number?
True
Is 762733 a prime number?
False
Is 152646253 a composite number?
True
Is 7470961 a composite number?
False
Is 8222467 a prime number?
False
Is 21964179 composite?
True
Is 4692319 a prime number?
False
Is 4490309 a prime number?
True
Is 3335947 composite?
False
Is 11411207 prime?
False
Is 1394821 a composite number?
False
Is 35805461 prime?
True
Is 457111 a prime number?
False
Is 110028041 composite?
True
Is 21716545 a prime number?
False
Is 39958553 composite?
False
Is 1687957 prime?
False
Is 234190199 a prime number?
False
Is 8286319 a composite number?
True
Is 176645093 a composite number?
False
Is 37813917 a composite number?
True
Is 24194717 composite?
False
Is 106433365 prime?
False
Is 1200445 a prime number?
False
Is 14413681 a prime number?
False
Is 8847943 composite?
True
Is 13561873 a composite number?
True
Is 2449723 composite?
True
Is 4145951 prime?
True
Is 19028803 prime?
True
Is 900177679 composite?
False
Is 245030423 a prime number?
False
Is 1196917409 a composite number?
True
Is 5194489 a composite number?
False
Is 5085299 a composite number?
False
Is 17936491 composite?
False
Is 290113969 prime?
True
Is 4229607 composite?
True
Is 2173847519 composite?
False
Is 1183893 a prime number?
False
Is 2393843 composite?
True
Is 1105277 a composite number?
True
Is 7484251 a prime number?
True
Is 4918337 prime?
True
Is 15574583 a prime number?
True
Is 1625167 composite?
False
Is 37680047 composite?
True
Is 52463399 a composite number?
True
Is 23387383 a prime number?
True
Is 14589863 a prime number?
False
Is 21601479 composite?
True
Is 3603247 a prime number?
False
Is 7043485 prime?
False
Is 702913 prime?
True
Is 121119239 a prime number?
True
Is 22115539 a prime number?
False
Is 5640527 a composite number?
False
Is 35727229 a composite number?
False
Is 3902417 a prime number?
True
Is 750899 a composite number?
True
Is 2543819 a composite number?
True
Is 71282909 composite?
False
Is 105826073 prime?
False
Is 369514931 a composite number?
True
Is 5085634 composite?
True
Is 57787817 a prime number?
True
Is 2491189 a prime number?
True
Is 2211817 a prime number?
True
Is 883733 a prime number?
True
Is 7704773 prime?
True
Is 3300677 composite?
True
Is 67365971 a prime number?
True
Is 2107361 a prime number?
True
Is 3853909 prime?
True
Is 21686237 prime?
False
Is 39367253 prime?
False
Is 2535287 a prime number?
False
Is 38218463 a prime number?
False
Is 26326199 a composite number?
False
Is 78260887 a prime number?
True
Is 6363373 prime?
True
Is 121193921 prime?
False
Is 358784513 composite?
True
Is 631979 composite?
False
Is 17895499 a prime number?
False
Is 3228839 a prime number?
False
Is 8988487 composite?
True
Is 1230643 composite?
True
Is 3028969 a prime number?
True
Is 17742149 a prime number?
True
Is 61009601 a prime number?
True
Is 322867051 prime?
False
Is 231809885 prime?
False
Is 410339 prime?
True
Is 589037 composite?
True
Is 58638494 a composite number?
True
Is 7594751 composite?
False
Is 17586509 composite?
False
Is 851021 composite?
True
Is 22397419 a composite number?
True
Is 18946353 composite?
True
Is 44791 a composite number?
True
Is 1127393 a prime number?
True
Is 2816731 a prime number?
False
Is 43910771 prime?
True
Is 15456809 prime?
True
Is 56513213 prime?
False
Is 106036313 composite?
False
Is 14961827 a composite number?
False
Is 112860481 a prime number?
True
Is 3144137 composite?
False
Is 21114473 prime?
False
Is 60976114 prime?
False
Is 77840677 composite?
False
Is 43339 prime?
False
Is 82086703 prime?
False
Is 5740477 a prime number?
True
Is 34938481 a prime number?
True
Is 824137 a composite number?
False
Is 3434279 prime?
True
Is 2101051 a prime number?
True
Is 511529 prime?
False
Is 56661611 composite?
True
Is 1862603 a composite number?
True
Is 36952541 a composite number?
False
Is 381084667 a composite number?
True
Is 6033023 composite?
False
Is 11023013 prime?
False
Is 421483 a composite number?
False
Is 78497761 prime?
True
Is 25052486 a prime number?
False
Is 1294949209 prime?
False
Is 2559511 composite?
True
Is 279113551 a composite number?
False
Is 830273 composite?
True
Is 225008351 a prime number?
False
Is 118316831 a prime number?
True
Is 74070193 a prime number?
False
Is 1050031 a prime number?
True
Is 398278381 a composite number?
False
Is 932941213 prime?
True
Is 46047949 prime?
True
Is 119839439 a prime number?
False
Is 343973 prime?
False
Is 14706109 a prime number?
False
Is 1769501 prime?
True
Is 4117349 composite?
True
Is 3348509 a composite number?
True
Is 8209039 composite?
True
Is 16302917 prime?
True
Is 37055309 composite?
False
Is 2080501 composite?
False
Is 18431879 prime?
True
Is 350964681 a composite number?